 -a**5/60 + 25*a**4/24 - 19*a**3/6 + 210*a**2. Let u = -15 + 32. What are the prime factors of g(u)?
3, 13
Let c(s) = -s**3 + 10*s**2 + 19*s + 10. Let k be c(11). Let r(i) = 10*i - 3. Let p be r(3). Let f = k - p. What are the prime factors of f?
71
Let i = -18067 - -30757. Suppose -23*f + 5*f = -i. What are the prime factors of f?
3, 5, 47
Suppose a + j - 734 = 0, -2*a - a + 2230 = -4*j. Suppose 7*k - 256 = a. List the prime factors of k.
2, 71
Suppose 0 = -f + c + 1, -4*f + 0*c + 3*c = -7. Suppose 37 - f = 11*m. List the prime factors of (-1 + (-155)/m)/(8/(-12)).
79
Suppose 4*o - 31 = 3*m, -m = 3 + 2. Suppose 2*a = o*a - 6776. What are the prime factors of ((-16)/(-18))/4 + a/63?
2, 3
Suppose 2*y = 8*h - 5*h - 79502, 318040 = 12*h - 4*y. List the prime factors of h.
2, 29, 457
Let y be (10/3)/((-1)/(-30)). Suppose 38*v - 33*v = y. Suppose 23*w - 36 = v*w. List the prime factors of w.
2, 3
Suppose -529 = -2*a - 9. Let o be (4 - 7) + 162 + -2. Let y = a - o. What are the prime factors of y?
103
Let p = -15609 - -32722. What are the prime factors of p?
109, 157
Let f = 40074 - 4863. List the prime factors of f.
3, 11, 97
Suppose -300*y - 390*y - 3786624 = -747*y. What are the prime factors of y?
2, 3, 173
Suppose 0 = -70*d + 69*d + 8. What are the prime factors of -2662*((-44)/d + 5)?
11
Let u(l) be the second derivative of -l**5/20 - l**4/6 + 2*l**3/3 + 3*l**2 - 2*l - 14. Let q be u(-3). List the prime factors of 13/1*39/q.
13
Let i = -17 + 21. Suppose q + 207 = 2*u, i*q - 82 - 35 = -u. What are the prime factors of u?
3, 5, 7
Let q(s) = -17*s**3 - s**2 + s + 1. Let a be q(-1). Let m(w) = 24*w - 78. What are the prime factors of m(a)?
2, 3, 17
Suppose -5*b + 38594 = 3*a, 2*b = 5*a + 3220 + 12199. List the prime factors of b.
7717
Let i be -30 + 30 + (0 - -1 - -13). Suppose 8*a = a + i. Suppose -5*u - 2*q + 149 = 2*q, 4*u - 114 = a*q. List the prime factors of u.
29
Let w = 1375 + 2311. What are the prime factors of w?
2, 19, 97
Let z(c) = 11*c - 2*c**2 + 3*c**2 + 0*c**2 + 0*c**2 + 8. Let n be z(-8). Let q = n - -54. What are the prime factors of q?
2, 19
Let s be (-14)/(-5)*(-70 + 1 + -1). Let d = s - -349. List the prime factors of d.
3, 17
Suppose -26*b - 8476 + 81068 = 0. List the prime factors of b.
2, 349
List the prime factors of (-6 - (-9630)/24)/(5/4 - 1).
3, 17, 31
Let d(x) = 37 + 17*x**2 + x + x**3 + 12 - 16. Let k be d(-17). Suppose 0 = 11*o - k*o + 285. What are the prime factors of o?
3, 19
Let l = -87 + 97. Let y(a) = -a**3 + 10*a**2 - 2*a - 11. Let o be y(l). Let u = o - -90. List the prime factors of u.
59
Let l(q) be the third derivative of q**6/120 + q**5/15 - q**4/4 + 5*q**3/6 + q**2. Suppose 1 = -s, 2*f = 6*f + 3*s + 23. List the prime factors of l(f).
2, 5
Let v(j) = -5*j**2 + 7*j + 31. Let n be v(-10). Let g = n + 1199. List the prime factors of g.
2, 3, 5, 11
Suppose -4*k - 20 = -9*k. Let i be 407 + ((-2)/4)/(k/16). Let w = i + -132. What are the prime factors of w?
3, 7, 13
Let w = 365 + -135. Suppose -u - 4*n = -72, 4*u - u - 2*n - w = 0. Suppose -12*c = -11*c - u. What are the prime factors of c?
2, 19
Let g = -4177 - -9234. List the prime factors of g.
13, 389
List the prime factors of (-10364)/(-6)*(37 - 22).
2, 5, 2591
Let a be (-2)/(-1 - 57/(-63)). Let l = a + -18. Suppose -46 = -l*z + z. What are the prime factors of z?
23
Let j be 1748/(-9) + ((-29)/(-9) - 3). Let i = j - -480. List the prime factors of i.
2, 11, 13
Let f(w) = 1363*w - 928. List the prime factors of f(22).
2, 3, 29, 167
List the prime factors of -12 - (-10 - 5) - (-108)/1.
3, 37
Let f(z) = -4*z**3 + 84*z**2 + 16*z + 6. What are the prime factors of f(16)?
2, 3, 13, 23
Suppose 2*g - 17582 - 13547 = -3*c, -46713 = -3*g + 2*c. What are the prime factors of g?
15569
Let v(x) = -x**3 + 8*x**2 - 3*x + 8. Suppose -5*r + 23 = n, 9*n + 4*r = 13*n - 68. Let o be (1 + (-23)/2)/(n/(-12)). List the prime factors of v(o).
2, 3
Suppose -22*h = -m - 23*h + 69608, 4*m - 278420 = 2*h. List the prime factors of m.
2, 3, 1289
Let j = 318 - 131. Let z = j - 61. Suppose 0 = -18*v + 21*v - z. What are the prime factors of v?
2, 3, 7
List the prime factors of ((2808/(-96))/(-39))/((-12)/(-487840)).
2, 5, 3049
Let w be (-1)/4 + 12*3/144. Let a(x) = -3*x + 29. Let n(v) = 4*v - 28. Let r(b) = 5*a(b) + 4*n(b). What are the prime factors of r(w)?
3, 11
Suppose 30*f + 38205 = 34*f - b, -5*f + 5*b + 47760 = 0. List the prime factors of f.
9551
Suppose 5*p - 35 = 3*c, -45 = 5*c + 7*p - 2*p. What are the prime factors of 1/(-1)*-1579 - (-60)/c?
11, 13
Let a(j) = -15 + 114*j - 15 - 1. List the prime factors of a(4).
5, 17
Let i = 20 - 15. Suppose 0 = i*n - 0*c + 4*c + 45, 0 = 3*n - c + 27. List the prime factors of (-41)/((-10)/4 + 11 + n).
2, 41
Let x = 94 - 91. Let y = 6 + x. Suppose -y*w + 232 = -1136. List the prime factors of w.
2, 19
Suppose 2*y - 7 = -3. Suppose -5*f + 9*f + 5*z - y = 0, 4*z + 17 = 3*f. Suppose 3*a + 4*j - 452 = 0, 0*j + f*j - 144 = -a. What are the prime factors of a?
2, 3, 13
Suppose -x = -3*x - 3*u + 10, -4*x = 5*u - 22. Suppose -16*o + 512 = -x*o. List the prime factors of o.
2
Suppose 2*o - 5*r - 2 = 0, -3*r = -4*o + r + 16. What are the prime factors of ((-21)/o)/(4/(-376))?
7, 47
Suppose -18 = 3*z - 0*z - p, -5*z = 5*p + 10. What are the prime factors of (1 - (-3017)/(-35))*z?
2, 3, 71
Let h = 8145 - 4156. List the prime factors of h.
3989
Let x = 1422 + 904. What are the prime factors of (-16)/112 - x/(-14)?
2, 83
Let a = -74 + 181. Let p = a + 145. What are the prime factors of p?
2, 3, 7
Suppose 28*y - 35 = 21. Suppose 0*p + 3*c - 270 = -y*p, -4*p + 5*c = -540. What are the prime factors of p?
3, 5
Suppose p - 846 = 6*u - 2*u, -3*p = -4*u - 2578. Let o = -353 + p. What are the prime factors of o?
3, 19
Suppose 10*q - 65*q = -5*q - 1688850. List the prime factors of q.
3, 139
What are the prime factors of (537368/24)/((-390)/(-180))?
2, 5167
Let b(d) be the second derivative of d**3/2 + d**2 + 26*d. Let c be b(1). Suppose -2*v = -4*g - 176, 2*v - 168 = g - c*g. List the prime factors of v.
2, 43
Suppose 0*j - 4*j + 1828 = 5*k, -j = 5*k - 472. Suppose 10*m + j = 8302. Suppose -5*p = 2*z - m, -2*p - 4*z + 130 = -200. List the prime factors of p.
5, 31
Let z(r) = -213*r - 25. Let a be (-92)/16 - (-3)/4. Let t be z(a). Suppose -10*h = -2*h - t. List the prime factors of h.
2, 5, 13
Suppose 8783 = 4*d + f - 8185, -f = -3*d + 12726. What are the prime factors of d?
2, 3, 7, 101
Let h(d) = -678*d**2 - 5*d - 3. Let a be h(3). What are the prime factors of (a/(-84))/((1/14)/1)?
2, 3, 5, 17
Let m be 6*(-4)/(-12) - 28. Let h = m + 11. Let b = h + 44. List the prime factors of b.
29
Let c(x) = 3*x**3 + 57*x**2 + 20*x + 78. List the prime factors of c(-15).
2, 3, 7, 59
Suppose -s - 4*p + 3 + 0 = 0, 0 = 5*s - 4*p - 87. Let y = s - 12. What are the prime factors of y*(3 + -4)*-15?
3, 5
Suppose 4*z = -5*l + 159, 9*l - 8*l + 3*z = 23. Let j be (2/4)/((-4)/(-528)). Let c = j - l. What are the prime factors of c?
31
Let a(n) = 7*n + 226. Let z be a(-32). Suppose 0 = z*r - 5*w - 625 - 1056, 0 = -3*r - w + 2547. What are the prime factors of r?
2, 53
Let f(x) = 24*x**2 - x + 20. Let j be f(4). Let c = 494 - j. What are the prime factors of c?
2, 47
Suppose 0 = -12*z + 8*z + 64. Let i be 4/z + (-310)/(-8). Suppose h - 1 = i. List the prime factors of h.
2, 5
Suppose 0 = 84*j - 99*j + 30810. Let n = j - 878. What are the prime factors of n?
2, 3, 7
Let u = 160 - 158. Suppose 281 + 409 = u*s. List the prime factors of s.
3, 5, 23
Suppose -8*r = -2*r + 1134. Let m = r + 445. List the prime factors of m.
2
Suppose -5*q = u - 1620, -4*u + 4*q = -2974 - 3482. Suppose 3*n - u = -538. Let k = n - 239. List the prime factors of k.
2, 3, 5
Let v(n) = -589*n + 2843. What are the prime factors of v(-16)?
3, 29, 47
Suppose -50*t - 30*t = -19*t - 272609. What are the prime factors of t?
41, 109
Let d = 35856 - -42370. What are the prime factors of d?
2, 39113
Let g(i) be the third derivative of -i**6/120 - i**5/60 + i**4/4 + i**3 - 49*i**2. Let l be g(-3). Suppose l*j = 14*j - 1104. What are the prime factors of j?
2, 3, 23
Let i(v) = -11*v**2 - 10*v - 20. Let w be i(-6). Let a = 595 + w. List the prime factors of a.
239
Let i(u) = -3*u - 31. Let t be i(-11). Suppose -2*o = -